 z, 128 = 4*j + 5*w. Is j composite?
False
Suppose 6*h = -j + h - 24, -4*h = -3*j + 4. Let a(l) be the second derivative of -7*l**3/6 - l**2 + 2*l. Is a(j) prime?
False
Let f = -3 - -11. Let y(r) = -2*r - 6. Let g be y(-5). Is 74/4 + g/f a prime number?
True
Suppose 0 = 4*f - 2*i - 188, 0 = -2*f - 2*f + i + 188. Is f a prime number?
True
Is (-936)/(-5) - 1/15*3 composite?
True
Suppose y = -3*y + 140. Let j = -20 + y. Is j a prime number?
False
Let z(j) = -j**3 + 6*j**2 + j + 1. Let p(m) = m**3 - 8*m**2 - m + 6. Let u be p(8). Let c = 6 + u. Is z(c) a composite number?
False
Is (-88914)/(-98) + -2 + (-24)/(-14) a prime number?
True
Let q(k) = -5*k**2 + 4*k - 5. Let l(v) = v**2 - v + 1. Let r(f) = 11*l(f) + 2*q(f). Let p be r(4). Suppose p*i - 127 = 4*i. Is i a composite number?
False
Let d(j) = 0 + 10*j + j**2 - 3 - 2*j**2 + 1. Is d(7) a prime number?
True
Suppose -6*s + 60 = -2*s. Suppose b - 32 = s. Is b prime?
True
Suppose 3*t + 5*y - 926 = 12404, -5 = -y. Is t a prime number?
False
Let c(q) = 0 + 0 - 19*q**2 + 56*q**2. Is c(1) a composite number?
False
Suppose -4*j + 2*s = 4*s - 2544, 0 = 5*j - 3*s - 3169. Is j a prime number?
False
Suppose -8*o + 19 = -13. Suppose -8 = -3*l + 28. Is o/l + 470/3 a prime number?
True
Let l = 53 - 37. Suppose l = -7*u + 3*u. Is u/20 + (-592)/(-10) a prime number?
True
Suppose -2*r - 10 = -3*r. Is 20/r*(-194)/(-4) composite?
False
Let h be (1 - 0) + 1 + -2. Suppose h = 4*m - 18 - 38. Let k = -3 + m. Is k prime?
True
Suppose 4*s - 6*s = -120. Let j(c) = 9*c - 6. Let w be j(4). Suppose 12 = 4*u - 5*o - w, 4*u - s = -4*o. Is u a prime number?
True
Let h(m) = m**3 - 8*m**2 + 6*m + 10. Let s be h(7). Suppose s*g - 708 = -126. Is g/4 + 2/4 a composite number?
True
Let n = 10 - 7. Suppose n*i - 3*b - 236 = 220, -5*i - 2*b + 732 = 0. Suppose -5*r = 2*g - i, -2*r - 1 = 3. Is g a prime number?
True
Let g(s) = -s**2 + 9*s - 8. Suppose 4*z + 8 = -j, -2*z + 14 = -0*z + 5*j. Let r(w) = w**2 - 17*w + 15. Let p(y) = z*r(y) - 5*g(y). Is p(-6) a prime number?
True
Is ((-491)/2)/(14/(-28)) prime?
True
Suppose -3*w + 6 + 6 = 0. Suppose 2*l + 2*a - w*a = 16, -4*l - 2*a + 14 = 0. Suppose -l*h + 41 = -64. Is h a prime number?
False
Let z = 443 - -1194. Is z composite?
False
Suppose 10 = 2*i + 3*i. Suppose -v - i*v = -249. Is v a prime number?
True
Let k(z) = z - 10. Let i be k(10). Suppose j + i*j = 17. Suppose -3*a = -50 + j. Is a a prime number?
True
Let j(k) = 6*k**2 + 8*k + 5. Suppose -o = -4*o - 12. Is j(o) composite?
True
Suppose 3*r + 2*f = 4312, 5*f + 3127 = 3*r - 1192. Is r composite?
True
Is (166/(-2))/(12 + -13) prime?
True
Suppose -1002 - 9 = 3*c. Let z = c - -498. Is z a prime number?
False
Let f(b) = -b**3 - 5*b**2 + 3*b - 10. Is f(-7) a prime number?
True
Let v = -46 + 77. Is v prime?
True
Let s = 1465 - 788. Is s a prime number?
True
Let k(q) = 2*q - 8. Let l be k(6). Let t = l - 8. Is 8/(-16) - 214/t composite?
False
Suppose -5*f + 917 = 2*q - 684, q - 1279 = -4*f. Is f a prime number?
False
Let v(m) = -249*m - 7. Is v(-2) a composite number?
False
Suppose -25*k + 26*k = 53. Is k a composite number?
False
Let n = 3209 - 324. Is n a prime number?
False
Suppose 0*r = -4*r - 8. Let h(q) = -q**3 - 2. Is h(r) composite?
True
Suppose 0 = -3*j + 6*j + 3. Let t(n) = n + 1. Let k(y) = 12*y - 5. Let g(s) = j*k(s) + 5*t(s). Is g(-7) composite?
False
Let n(k) = -k**3 + 7*k**2 + 5*k + 4. Is n(7) composite?
True
Let i be 0/(-2 + 0 + 3). Suppose -141 - 718 = -4*f - 3*j, i = -f + 5*j + 186. Is f prime?
True
Let k be (-20)/(-3)*18/15. Let i(u) be the third derivative of u**4/8 + 11*u**3/6 + 6*u**2. Is i(k) a composite number?
True
Let h(b) = b**3 - 5*b**2 - 6*b + 4. Let x be h(6). Suppose 0*y = -x*y + 708. Is y a prime number?
False
Let u = 37 + -26. Let h(r) = r**3 - 11*r**2 + 11*r - 8. Let p be h(10). Let a = u - p. Is a a composite number?
True
Let f(q) = -342*q + 15. Let v(k) = 513*k - 22. Let y(d) = 7*f(d) + 5*v(d). Is y(4) a prime number?
False
Let s(n) = -27*n**3 - 9*n**2 - 2*n + 13. Is s(-6) a composite number?
True
Is (-1)/(((-2)/116)/((-11)/(-2))) a composite number?
True
Let k = 6 + -6. Suppose k = c + 5 - 3. Let p = c - -5. Is p a composite number?
False
Suppose 0 = -4*l + 100 + 228. Suppose 3*i - l = 140. Is i composite?
True
Suppose -3*m - 2*t = -2097, 0 = -m - 4*t + 2*t + 699. Is m a prime number?
False
Let j be 3/(-6)*(-1678 + 0). Let z = j + -442. Suppose -4*d = 3*g - z, -g + 135 = -d + 3*d. Is g a composite number?
False
Suppose -3*h + 535 = u, 0 = 4*h + h - 5*u - 885. Is h a composite number?
True
Is -10*(65/(-2) - -2) composite?
True
Let x(j) = -2*j**3 + 8*j**2 + 7*j + 31. Is x(-10) a composite number?
True
Let q(a) = -a**3 + 6*a**2 + a + 9. Let s(b) = 2*b**3 - 12*b**2 - 3*b - 19. Let j(h) = 9*q(h) + 4*s(h). Let g be j(7). Let m = g + 98. Is m a prime number?
False
Suppose 0*o + 12 = -4*o. Let c(q) = q - 1. Let m(g) = -24*g + 7. Let i(v) = 3*c(v) + m(v). Is i(o) prime?
True
Suppose 11*i = 6*i + 415. Is i a composite number?
False
Let m(p) = 2*p - 2. Let j be m(2). Suppose j*a + 24 = 60. Suppose -w = 4*n - a - 20, -127 = -5*w + n. Is w a composite number?
True
Let h = 35 + -20. Is h prime?
False
Suppose -2*j + 4*m + 752 = 2*m, 4*j - 2*m - 1510 = 0. Is j prime?
True
Let k(h) = 10 + 2 - 6*h + 4*h. Let j be k(8). Let o = -2 - j. Is o composite?
False
Let h(s) = 5*s + 1. Let i = 9 + -3. Let r(g) = g**2 - 6*g + 6. Let d be r(i). Is h(d) a prime number?
True
Suppose -28 = -4*m - 12, -m = y - 80. Let o be ((-5)/(5/y))/(-1). Suppose -u - 3*u = -o. Is u prime?
True
Suppose -5*h - 4*b - 157 = 0, -4 + 19 = -5*b. Is h/(1 + 18/(-15)) a composite number?
True
Suppose v + 88 = -3*v. Let z be (3 + 21/(-6))*-4. Is -1 + -1 - v/z a prime number?
False
Suppose -6*u = u - 4109. Is u a composite number?
False
Let c(w) = w**2 + 4*w. Let y be c(-3). Is y/2*-1*2 prime?
True
Let o(g) = 87*g - 16. Is o(13) a prime number?
False
Let z = -29 + 41. Is 47 + (-8)/(z/(-3)) a prime number?
False
Suppose 2*j - 5 = 5. Let t(n) = n**3 - n**2 - n + 427. Let h be t(0). Is h/j - (-4)/(-10) composite?
True
Let h(r) = 23*r - 2. Is h(5) composite?
False
Let l be (-1)/4 - 258/(-8). Let r = -17 + l. Is r a composite number?
True
Let a(b) = 0 + b + b - 3*b - 4. Let m be a(-10). Is -2*(3 - 189/m) a composite number?
True
Suppose n - 5*y - 558 = 360, -4*n + y + 3577 = 0. Is n composite?
True
Let k(j) = j**2 - 2*j - 2. Suppose 2*l - l - 4 = 0. Is k(l) prime?
False
Suppose 3*t - 1605 - 3798 = 0. Is t a prime number?
True
Let r be 141/21 - 2/(-7). Suppose -2*i - 2*a + 3 = -11, -5*a = -i + r. Let x = 27 + i. Is x a composite number?
True
Let t(z) = -13*z + 5. Let s = -6 - -4. Let r = s + -2. Is t(r) a prime number?
False
Let b(p) = p**2 - 2*p + 1. Let i(r) = r - 1. Let z(g) = b(g) + 5*i(g). Is z(-6) composite?
True
Let y(s) = s. Let z be y(5). Suppose 45 = 2*v + z*k, 7*k = 4*v + 3*k - 160. Is v prime?
False
Suppose 0 = y - 3*y + 206. Suppose 0 = -u + 4*m + y, 2*u - 4*m = -99 + 321. Is u a prime number?
False
Let m(a) = 8*a**2 - a. Let s be (-2 + (-7)/(-2))*2. Suppose -4 = -u + s*u. Is m(u) a composite number?
True
Suppose 0*x + 20 = 2*w - 4*x, 5*w - x = 14. Let v(q) = 0*q**2 + 3*q**2 + 4 - w*q - 2*q**2. Is v(5) prime?
True
Let x = 312 - 83. Is (-4)/(-14) + x/7 prime?
False
Let i(j) = 193*j - 2. Is i(1) composite?
False
Let s = 1039 - 716. Suppose -s = 5*n - 53. Let m = -33 - n. Is m a prime number?
False
Let x(b) = 7*b**2 + 4*b + 6. Let n = 7 - 0. Is x(n) prime?
False
Let j = 795 - 500. Is j composite?
True
Suppose -3*z = z + 1152. Let t = -193 - z. Is t prime?
False
Let q(n) = -n**2 - 1. Let r be q(-1). Let d = -45 - -15. Is 4*(r + d/(-8)) a prime number?
True
Let j(n) = -n**2 - n + 313. Let u be j(0). Let c = u + -170. Is c a composite number?
True
Suppose -280 = -p + 729. Is p prime?
True
Let o(m) be the third derivative of 11*m**4/24 - m**3/2 - 3*m**2. Is o(2) prime?
True
Let z(g) = -9*g**2 - 4*g + 9. Let b be z(-5). Let w = 981 + b. Is w a prime number?
False
Let p(i) = i**3 - 16*i**2 + 10*i - 7. Let z be p(11). Let j = 725 + z. Is j a prime number?
True
Suppose 4*z + 3*j - 27 = 0, -9 = -2*z + j - 4*j. Let n be (z/(-4))/(9/(-168)). Suppose 4*a = 174 - n. Is a a composite number?
True
Let u(f) = -9*f + 4. Let w(t) = 6*t - 3. Let v(p) = 5*u(p) + 7*w(p). Let